{"id":3807,"date":"2025-11-17T14:16:13","date_gmt":"2025-11-17T13:16:13","guid":{"rendered":"https:\/\/www.felixgiralt.com\/?post_type=product&#038;p=3807"},"modified":"2026-02-26T10:14:41","modified_gmt":"2026-02-26T09:14:41","slug":"tricicle-electric-per-la-neteja-viaria-bravo-3-lv","status":"publish","type":"product","link":"https:\/\/www.felixgiralt.com\/ca\/productes\/carretons\/tricicle-electric-per-la-neteja-viaria-bravo-3-lv\/","title":{"rendered":"TRICICLE EL\u00c8CTRIC PER LA NETEJA VI\u00c0RIA BRAVO 3 LV"},"content":{"rendered":"<p data-start=\"0\" data-end=\"435\">El tricicle el\u00e8ctric BRAVO 3 LV est\u00e0 dissenyat per oferir la m\u00e0xima estabilitat, gr\u00e0cies a la seva configuraci\u00f3 de tres rodes i a un centre de gravetat baix i equilibrat, fet que facilita una conducci\u00f3 segura i \u00e0gil en qualsevol entorn urb\u00e0. Inclou seient amb suspensi\u00f3 i encoixinat, suport per a cubells de 95 litres i incorpora m\u00faltiples suports per a eines habituals de neteja vi\u00e0ria, optimitzant el treball diari dels operaris.<\/p>\n<p data-start=\"437\" data-end=\"623\">El seu disseny compacte proporciona una excel\u00b7lent maniobrabilitat en carrers, voreres, parcs i superf\u00edcies irregulars, convertint-lo en una soluci\u00f3 eficient per a tasques professionals.<\/p>\n<p data-start=\"625\" data-end=\"759\" data-is-last-node=\"\" data-is-only-node=\"\">Ideal per a feines de neteja vi\u00e0ria i recollida de residus, manteniment de zones verdes i treballs de jardineria i conservaci\u00f3 urbana.<\/p>\n<p data-start=\"625\" data-end=\"759\" data-is-last-node=\"\" data-is-only-node=\"\"><a href=\"https:\/\/www.felixgiralt.com\/wp-content\/uploads\/2026\/02\/FT-190021-01-1.pdf\"><strong>VEURE FITXA T\u00c8CNICA<\/strong><\/a><\/p>\n","protected":false},"excerpt":{"rendered":"<p>El tricicle el\u00e8ctric BRAVO 3 LV est\u00e0 dissenyat per oferir la m\u00e0xima estabilitat, gr\u00e0cies a la seva configuraci\u00f3 de tres rodes i a un centre de gravetat baix i equilibrat, fet que facilita una conducci\u00f3 segura i \u00e0gil en qualsevol entorn urb\u00e0.<\/p>\n","protected":false},"featured_media":3809,"template":"","meta":{"_et_pb_use_builder":"","_et_pb_old_content":"","_et_gb_content_width":""},"product_brand":[],"product_cat":[56,191],"product_tag":[74,73],"class_list":{"0":"post-3807","1":"product","2":"type-product","3":"status-publish","4":"has-post-thumbnail","6":"product_cat-carretons","7":"product_cat-carretons-electrics","8":"product_tag-industrial-i-llar","9":"product_tag-viaria-i-zones-verdes","11":"first","12":"instock","13":"product-type-simple"},"_links":{"self":[{"href":"https:\/\/www.felixgiralt.com\/ca\/wp-json\/wp\/v2\/product\/3807","targetHints":{"allow":["GET"]}}],"collection":[{"href":"https:\/\/www.felixgiralt.com\/ca\/wp-json\/wp\/v2\/product"}],"about":[{"href":"https:\/\/www.felixgiralt.com\/ca\/wp-json\/wp\/v2\/types\/product"}],"wp:featuredmedia":[{"embeddable":true,"href":"https:\/\/www.felixgiralt.com\/ca\/wp-json\/wp\/v2\/media\/3809"}],"wp:attachment":[{"href":"https:\/\/www.felixgiralt.com\/ca\/wp-json\/wp\/v2\/media?parent=3807"}],"wp:term":[{"taxonomy":"product_brand","embeddable":true,"href":"https:\/\/www.felixgiralt.com\/ca\/wp-json\/wp\/v2\/product_brand?post=3807"},{"taxonomy":"product_cat","embeddable":true,"href":"https:\/\/www.felixgiralt.com\/ca\/wp-json\/wp\/v2\/product_cat?post=3807"},{"taxonomy":"product_tag","embeddable":true,"href":"https:\/\/www.felixgiralt.com\/ca\/wp-json\/wp\/v2\/product_tag?post=3807"}],"curies":[{"name":"wp","href":"https:\/\/api.w.org\/{rel}","templated":true}]}}

TRICICLE ELÈCTRIC PER LA NETEJA VIÀRIA BRAVO 3 LV

<p data-start="0" data-end="435">El tricicle elèctric BRAVO 3 LV està dissenyat per oferir la màxima estabilitat, gràcies a la seva configuració de tres rodes i a un centre de gravetat baix i equilibrat, fet que facilita una conducció segura i àgil en qualsevol entorn urbà. Inclou seient amb suspensió i encoixinat, suport per a cubells de 95 litres i incorpora múltiples suports per a eines habituals de neteja viària, optimitzant el treball diari dels operaris.</p>
<p data-start="437" data-end="623">El seu disseny compacte proporciona una excel·lent maniobrabilitat en carrers, voreres, parcs i superfícies irregulars, convertint-lo en una solució eficient per a tasques professionals.</p>
<p data-start="625" data-end="759" data-is-last-node="" data-is-only-node="">Ideal per a feines de neteja viària i recollida de residus, manteniment de zones verdes i treballs de jardineria i conservació urbana.</p>
<p data-start="625" data-end="759" data-is-last-node="" data-is-only-node=""><a href="https://www.felixgiralt.com/wp-content/uploads/2026/02/FT-190021-01-1.pdf"><strong>VEURE FITXA TÈCNICA</strong></a></p>

<p>El tricicle elèctric BRAVO 3 LV està dissenyat per oferir la màxima estabilitat, gràcies a la seva configuració de tres rodes i a un centre de gravetat baix i equilibrat, fet que facilita una conducció segura i àgil en qualsevol entorn urbà.</p>
